e 4*q = -q + 105. What is the remainder when g(-12) is divided by q?
20
Suppose -i + 21 = 5*w, -2*i = -i + 4*w - 22. Calculate the remainder when i is divided by 22.
4
Let i be 20 + (0 - (1 - 0)). Suppose h - w + 3*w - 15 = 0, -5*h + 4*w + i = 0. Calculate the remainder when 25 is divided by h.
4
Let o(v) = -v**2 + 6*v + 6. Suppose t - 3*a = -t + 4, t = 3*a - 1. What is the remainder when o(t) is divided by (39/52)/(2/8)?
2
Let g(k) = -k**3 + 5*k**2 - k + 3. Let v be 3*3*1/3. Calculate the remainder when g(v) is divided by (48/(-12))/(1/((-10)/4)).
8
Let b = -13 + 18. Suppose 1 = b*g - 14. What is the remainder when 3/(g + (-228)/80) is divided by 11?
9
Suppose -3*d + 75 = 3*x - 42, -5*d + 5*x + 235 = 0. Let n = -3463 + 3486. Calculate the remainder when d is divided by n.
20
Suppose -21 = 2*a - 5*a. Let t(z) = 2*z**2 - z - 2. Let l be t(2). Let s = a + l. Calculate the remainder when 32 is divided by s.
10
Let z = -7325 + 7394. Calculate the remainder when z is divided by -27*(-5)/((-45)/(-6)).
15
Let g = -74 + 99. Suppose -2*h - 5 = -3*j, 46 = 2*j + 5*h + 11. Suppose j*f - 4*i - 57 = 0, 13 = 4*f - 4*i - 35. Calculate the remainder when g is divided by f.
7
Suppose -2*k = k - 66. Suppose 5*d - 37 + 292 = 0. Let i = d + 138. Calculate the remainder when i is divided by k.
21
Let h(d) be the second derivative of -d**5/20 - d**4/3 - 2*d**3/3 - 3*d**2/2 + 9*d. What is the remainder when h(-4) is divided by 7?
6
Let k(w) = 2*w**2 + 16*w + 77. What is the remainder when 130 is divided by k(-4)?
40
Let h = -99 + 113. Let s = -8 + h. Calculate the remainder when 15 is divided by s.
3
Suppose 6*p - 2*p = 100. What is the remainder when 2 - 11/((-88)/768) - 0 is divided by p?
23
Let w(q) = q**2 + 59*q + 224. What is the remainder when 277 is divided by w(-56)?
53
Suppose -106*n = -103*n - 4167. What is the remainder when n is divided by 16?
13
Suppose 7*d - 3*d + 12 = 2*a, -3*d = -3. Suppose 2*w + 3*t + 29 = a, 0 = 5*w - 2*t + 24. What is the remainder when (-785)/(-15) + (-4)/w is divided by 18?
17
Suppose u + 5*t = 38, 3*t + 190 = 5*u - 0*t. Let s be 8/2 - 0 - 0. Suppose -n + s = -9. What is the remainder when u is divided by n?
12
Suppose 0 = -0*k - k - 2*a + 3, a = 5*k - 70. Calculate the remainder when ((-14)/(-4))/(9/126) is divided by k.
10
Suppose -4*v = -4*f + 148, f + 162 = -4*v - 2*f. Calculate the remainder when 23 is divided by (v/15 - -3)/(1/10).
3
Let x = -27 + 46. What is the remainder when 3/12 - (1 - 897/12) is divided by x?
17
What is the remainder when 131 is divided by (-60)/24*-2*5?
6
Let p = 46 - 197. Let x = p - -175. What is the remainder when 116 is divided by x?
20
Let w(r) = r**2 + 6*r - 7. Suppose 2 - 11 = -3*i. Suppose 0*n = -i*n + 18. Calculate the remainder when w(2) is divided by n.
3
Calculate the remainder when 181 is divided by 187/3 - (-124)/(-93).
59
Let v(m) = -20*m - 32. What is the remainder when v(-6) is divided by 13?
10
Let m be (-6)/16 - 13446/(-144). Suppose -40 = w + 10. Let v = m + w. Calculate the remainder when v is divided by 15.
13
Suppose 0 = -13*o - 465 + 8434. What is the remainder when o is divided by 88?
85
Let p(d) = 63*d + 168. Let u(y) = -5*y - 13. Let l(s) = 2*p(s) + 27*u(s). What is the remainder when 4 is divided by l(-2)?
1
Suppose 0 = y - 10 - 9. Suppose -y = -o + 11. Calculate the remainder when o is divided by (-82)/(-5) - 2/5.
14
Suppose 4*z + 0*z + 44 = 0. Let i = -11 - z. Suppose i*r = -5*r + 190. Calculate the remainder when r is divided by 10.
8
Calculate the remainder when (138*(1 + -2))/(5 - 6) is divided by 7.
5
Let k = -179 - -242. Calculate the remainder when k is divided by 13.
11
Let d be 6/9*45 + -3. Let l = d + -10. Let b = 151 - 103. What is the remainder when b is divided by l?
14
Let l(b) = -b**2 - 7*b - 2. Let r be 34/(-6) + (-2)/(-3). Let t(a) = 20*a**2 - 33*a + 34. Calculate the remainder when t(1) is divided by l(r).
5
Let z = -21 - -18. Calculate the remainder when 87 is divided by -1 + 2 - (z + -19).
18
Let a be ((-6)/4)/(6/(-84)). Suppose -2 = t - a. Suppose 3*s - 2*s = t. What is the remainder when s is divided by 5?
4
Suppose s - 36 = 1. What is the remainder when s is divided by 24?
13
Let n(j) = 11*j**2 + 6*j + 38. Let h be n(-4). Let t = h - 176. Let o = 40 - 1. What is the remainder when o is divided by t?
11
Let h(y) = 11*y + 136. What is the remainder when h(-9) is divided by 2?
1
Let x(k) = 4*k**3 + k**2 + 15*k - 34. What is the remainder when x(3) is divided by 74?
54
Let y = 397 + -229. Calculate the remainder when y is divided by 85.
83
Let y = 7 - 3. Suppose -m - m + 3*o + 138 = 0, -m + 71 = -o. What is the remainder when m is divided by y/(-10) - (-528)/20?
23
Suppose 2*i - 22 = -2*v, i - v + 36 = 37. What is the remainder when 83 is divided by i?
5
Let w = -1324 + 1648. Calculate the remainder when w is divided by 90.
54
Suppose -3*b - k = -4*b + 6, -5*b = -2*k - 24. Let r = 1 - 2. Let x = 8 - r. Calculate the remainder when x is divided by b.
1
Let u = 40 + -42. Let w(q) = 18*q**2 + 2*q + 3. What is the remainder when w(u) is divided by 24?
23
Let o = -153 + 54. Let i = 121 + o. Calculate the remainder when 53 is divided by i.
9
Let v = 84 - -327. What is the remainder when v is divided by 16?
11
Let m = -32 + 19. Let k = 18 + m. Suppose 3*q - 75 = -4*w, k*w - 7 = -3*q + 83. What is the remainder when 58 is divided by w?
13
Suppose 14*v = 8*v + 450. Let h(j) = -j**3 - 2*j**2 - 2*j - 2. Let p(l) = -l**2 - 6*l + 4. Let g be p(-7). What is the remainder when v is divided by h(g)?
10
Let w(u) = u**3 - 9*u**2 + 3*u - 12. Let a be w(9). Suppose 0 = -a*j + 11*j + 16. Calculate the remainder when 14 is divided by j.
2
Let j be ((-14)/(-7))/(2 - 1). Suppose 4*l = -a + 89, -j*a = a - l - 228. Calculate the remainder when 49 is divided by 284/11 + 14/a.
23
Let p(n) be the third derivative of n**5/60 - 7*n**4/12 + 22*n**3/3 + 11*n**2. What is the remainder when 122 is divided by p(13)?
29
Suppose -10*o = -5*o. Suppose -h - 2*h + 5*x + 19 = 0, -2*h - 5*x + 46 = o. Calculate the remainder when 35 is divided by h.
9
Let h(k) = 16*k**2 - 2*k + 2. Let w = 70 + -69. Calculate the remainder when h(w) is divided by 5.
1
Let n = 3 - -1. Suppose 333 = n*f + 117. What is the remainder when f is divided by 19?
16
Suppose -3*v + 323 = -3*c + 122, -5*v + 343 = -3*c. Suppose 10*d - 14*d = -104. Calculate the remainder when v is divided by d.
19
Let g(s) = 8*s + 138. What is the remainder when 67 is divided by g(-11)?
17
Let c(n) = -2*n**2 - 18*n - 14. Let g be c(-7). Suppose 4*t = -8, 3*p = p + t + g. What is the remainder when 10 is divided by p?
4
Let r be (-44)/11 + 11 + 0. Suppose -3*w - r = -28. Calculate the remainder when (-10)/50 + (-1)/(10/(-112)) is divided by w.
4
Let w = 21 + -44. Let f = -7 - w. Calculate the remainder when f is divided by 9.
7
Let x = -40 - -49. Suppose 6*i - x*i + 162 = 0. Suppose 0*p - 28 = -p. What is the remainder when i is divided by p?
26
Suppose t - 4*k - 51 = 0, 0*k + 83 = 3*t + 2*k. Let r = 93 - t. What is the remainder when r is divided by -1*4*-1*4?
14
What is the remainder when 33 - (0 + 0) - -3 is divided by 9 - -12 - (1 - -1)?
17
Suppose -11*h - 136 = -796. What is the remainder when h is divided by 16?
12
Suppose 5*q + 65 = 5*x, -x = q - 11 - 0. Let i(z) = -32 - 14*z**3 + 3*z**2 + 23*z - 18*z**2 + 15*z**3. What is the remainder when i(14) is divided by x?
10
Let n(a) = -a**3 + 2*a + 15. Let z(g) = -2*g**3 - 18*g**2 + g + 9. Let o be z(-9). Calculate the remainder when 25 is divided by n(o).
10
Suppose 0*x + 3*x - 111 = 0. Suppose 168 = 431*o - 423*o. Calculate the remainder when x is divided by o.
16
Let b be ((-9)/(-3))/(-15) + (-211)/(-5). Suppose 0 = -9*r + 111 + b. Calculate the remainder when 32 is divided by r.
15
Suppose 11*v + 336 = 23*v. Let x = 29 + 26. Calculate the remainder when x is divided by v.
27
Suppose 4*w = 7*w - 3. Calculate the remainder when (-14)/5*(-5)/1 is divided by 8 + (w + 2 - 3).
6
Suppose -5*i - 61 = -2*x, 3*x = 7*x - 2*i - 82. Suppose 3*b + 136 = 7*b. Calculate the remainder when b is divided by x.
16
Let k = 30 - 25. Let y(v) = 2*v**2 - 4*v + 2. What is the remainder when 63 is divided by y(k)?
31
Let y(l) = l + 1. Let k be y(-7). Let m = k - -12. Suppose 0 = 2*b + 2, -4*d - 2*b = -m*b - 56.